+ -58 - (-3 - -1))
62
What is the value of -138 - (-118 + -27 - -52)?
-45
What is the value of 18 + (-15 - 54) + -36 + 3?
-84
Evaluate -13 + -96 + 178 - -16.
85
Calculate -1 - -1 - -1 - (-659 - -591).
69
Calculate (1 - -44) + (-2094 - -2046).
-3
Calculate 6 + 2 + (9 - 7) + -1 - (30 + -104).
83
What is the value of -15 - (8 + 14 + 3)?
-40
Calculate -4 + (12 + 0 - (-68 - (86 - 101))).
61
Calculate -35 - ((-136 - (-26 + 41)) + 36).
80
Calculate (-367 - -201 - ((-15 - 1) + 1)) + 20.
-131
(94 - 17) + 6 + 6 + (-12 - -8)
85
Evaluate -3 - ((23 - (9 - (12 - 15))) + -78).
64
What is the value of (-96 - (-176 + 81)) + -15?
-16
-65 - (-36 - (45 - 46))
-30
Evaluate -4 - (0 - -22) - (670 - 660).
-36
What is the value of -7 + (2 + (0 - -1) + -10 - -6) + -16?
-24
Calculate (4 + 9 - (-31 + 52)) + (-8 - 2).
-18
Evaluate 6 + (1 - 0 - -6) + (-154 - -148) + 45.
52
What is the value of -16 - (-56 + (3 - -2) + (-1 - -12))?
24
What is the value of -36 - (0 - 6 - (-38 + (4 - -20))) - 9?
-53
Evaluate 49 - 86 - -97 - 57 - (-17 + -1).
21
What is the value of -717 + 698 + (1 - -21) - ((2 - -24) + 1)?
-24
Evaluate (0 - -59) + (19 - (-25 - -48)).
55
19 - 24 - 47 - -49
-3
What is -2 + -26 + (103 - 61) - -63?
77
What is -1 + 15 - (17 + 37 + -18 - -24)?
-46
What is the value of 47 + -61 + 52 + (-2 + (3 - 2) - 4)?
33
5 + (98 - 99 - (0 - -2)) + 15
17
Calculate (7 - (1 - -12)) + -39 + (-4 - -15).
-34
What is the value of (-15 - 11 - 29) + (-12 + 3 - (3 + 1))?
-68
What is 2 + (7 + 2 - 23) + 16 + 52?
56
What is the value of 0 + 6 + (16 - 1) + (174 - 193) + 1?
3
-5 + -24 + 17 - (1 + 0 - (4 - 4))
-13
What is the value of 1 - ((-78 - -80) + 26)?
-27
Evaluate (-8 - 8) + (-2 - -47 - 8) - 10.
11
-37 + (-100 - (45 - (60 - 3)))
-125
Calculate -42 + (-2 - -19) + -1 - (-13 + 24).
-37
202 - 24 - 9 - (-63 - -111)
121
What is 2 + (20 + 0 - (12 + -13)) + -13 - 104?
-94
Evaluate 5 - 205 - -79 - -114.
-7
What is 14 + (27 - 21 - 55 - -5)?
-30
Calculate 1 + (1 - 0) + -54 + 4 + -7.
-55
(9 - 7 - 6 - (-111 - -18) - 4) + -8
77
What is -7 + 10 + (-11 - (-23 + 2 + 12))?
1
What is the value of 52 - (45 - 47 - -70)?
-16
What is the value of -15 - -51 - (33 + -5) - 73?
-65
What is the value of -1 + 7 + 0 + -35 + -104?
-133
What is 2 + 20 + (164 - 141) - -3?
48
What is the value of -21 + (2 - -9) - -1 - -3 - 17?
-23
What is the value of (16 - (33 - 22)) + (1 - (-3 - -13)) + -50?
-54
Calculate -2 + -8 + -67 + 57 + -3.
-23
-13 + 2 + (78 + -177 - -114)
4
Evaluate -146 + 135 - 104 - 4.
-119
(-50 - (-3 + 3)) + 19 + -16 - (5 - -3)
-55
What is 20 - ((-11 + 2 - -6) + 15 - (112 - 110))?
10
Evaluate (31 + 21 - -27) + -15 - 2.
62
What is 14 + 1 - (-1858 - -1914 - (6 - 0))?
-35
Evaluate -107 + (-56 - -125) - -102.
64
What is the value of 118 + (-78 - 21 - -25)?
44
Evaluate -13 - -6 - (-218 - -172).
39
What is the value of -146 - -134 - (2 + (-1 - 6)) - (-9 + 10)?
-8
What is the value of (49 - 28) + 14 - -19?
54
(1 - (-4 - 55)) + 2 - (82 + (12 - 89))
57
What is -82 + 69 + -151 - -280?
116
Evaluate -3 + -11 - (-17 + -7 + (12 - -1) + -133).
130
What is 2 - 6 - (12 + (1 - 4 - 59))?
46
Calculate 53 + (-23 - (48 + -37)).
19
56 - (-3 - -33 - 14)
40
Evaluate -73 + (4 + -3 - -3) + 8 + (-21 - -18).
-64
Calculate 93 - (-110 - (-32 + -77)).
94
Calculate 0 - (-53 - (-32 + -41)).
-20
What is -26 - (-2 - (102 + -51))?
27
What is the value of (17 - -2) + (-56 - -48 - 36)?
-25
Calculate 1 + -10 + 19 + -54 + -2 + 27.
-19
-4 + -7 - (15 + 9 + -28) - (-1 + -30)
24
(32 - -2) + 19 + 22 + -43
32
What is 11 + 2 + 54 + (14 - 29)?
52
4 + (3 - 2) - ((-54 - 0) + 279 + -260)
40
What is -4 + -36 + -11 - -58?
7
What is the value of (14 + -15 - 14 - -23) + 4 + 2?
14
Calculate 49 - (-2 + 7) - (-1 - (20 + -10)).
55
What is -66 + (-16 - 1 - -39 - 31) - (-1 - 7)?
-67
What is -1 + -1 - (68 + (73 - 174))?
31
(-15 - (20 + -17)) + -27 - 12
-57
Evaluate 24 - (-22 + -29 + 60 - (-3 - -28)).
40
-56 - 1 - (8159 + -8210)
-6
Evaluate (-1 - -34 - (24 + (-17 - -4)) - -6) + -6.
22
Calculate (16 - 3 - -76) + -21 + -7 + 17.
78
5 + -5 - ((72 - (29 - 52)) + -35)
-60
Calculate -26 + -32 + 13 + 28 + 95.
78
Evaluate (42 - (25 + 0) - 57) + 14.
-26
What is the value of 307 - 261 - (0 - -69)?
-23
What is -1 + 9 + (-5 - (-47 - -34)) - 86?
-70
What is the value of (61 - 96 - -9) + 116?
90
What is -500 - -570 - (5 + -4)?
69
What is -36 + 25 + -6 + 11 + -24 + -11?
-41
Evaluate (12 - 43) + (-61 - (66 - 246)).
88
(16 + -23 - 5) + 26 + -10 - -86
90
5 + 12 + 1 - 25
-7
130 + (-79 - -42) + -33 - (3 - 1)
58
Calculate 2 + (16 + 54 - -23) + -20 + -21.
54
Calculate 42 + (3 + 2 - (14 - 3 - (7 + -2))).
41
What is -12 + -29 - (-1 - 123)?
83
Evaluate 96 - 151 - -124 - 87.
-18
Evaluate -1486 + 1402 - (0 + -92).
8
Calculate (-69 - -93) + 24 + -52.
-4
What is -25 + 59 - (-30 - -14)?
50
What is 97 - (2 + (-33 - -22) + 11)?
95
-20 - (-8 + (5 - 33) - 34)
50
What is the value of -43 - (23 + -70 - 20) - (0 + 0 + 2)?
22
Calculate 832 + -720 - (0 - 25) - 31.
106
Calculate -42 + -4 + 20 - (-45 + -3).
22
What is 0 - -26 - 42 - (-3 + 5 + -1)?
-17
-77 - (5 - (24 - -21))
-37
(-93 + 293 - 82) + -214
-96
1127 + -1125 + -2 + 1 + 39
40
What is 12 - (39 - -32) - -68?
9
Calculate -1974 + 2021 - (2 + 129).
-84
108 + -27 - 7 - (23 + -6)
57
What is 5 + 0 + ((-11 - -44) + 27 - (3 - -6))?
56
What is (45 - 105) + 21 + 24?
-15
-9 - -8 - (-64 + -19)
82
Calculate 10 + -1 + (4 - (-11 + (-6 - -22))) + -8.
0
What is the value of 39 + -28 + 4 + -14 + -1 + 9 - 89?
-80
-555 - -510 - (0 + -33)
-12
What is the value of 124 + (-137 - -49) + 27 + 0?
63
What is (-3 - -7 - (-62 - -69)) + 3 + -15?
-15
What is the value of 3 + -2 + 48 + 19 + 8 + -11 + -16?
49
What is -11 + (-2 + 0 + -4 + 3 - (190 - 345))?
141
What is (21 - 35) + ((8 - 11) + 8 - -9)?
0
What is -6 + -5 + 19 - -7 - (2 - 60)?
73
(-22 - -33 - -11) + 34
56
Evaluate -5 + -15 + 3 + (95 - 92).
-14
What is (4 + 5 - -3) + (-44 - (34 - 116))?
50
What is 2 - (12 + 0 + -75 - -20)?
45
What is the value of -8 + 0 + 2 - (22 + -15 + -64)?
51
Calculate -2 - (42 - (-41 - -14)).
-71
What is the value of 51 + (10 + -50 - -11)?
22
-4 + -42 + -21 + 21 + 2 + -4 + 1
-47
What is -68 + (-42 - (-218 - -79))?
29
709 + -699 - (90 - 7 - (1 + 1))
-71
(35 - 0) + 3 - (-6 + (-20 - -22))
42
What is (1335 - 1337) + (-5 - -2)?
-5
Evaluate 17 - (8 - (-7 - (-8 + 13))).
-3
Evaluate 3 + 2 + -428 + 405 - 21.
-39
What is 42 - 90 - -86 - -3?
41
-5 + (14 - 5) + -2 + 21 - (-3 + -6)
32
Calculate 2 - -2 - (23 - 2) - (-100 - -100).
-17
What is the value of (-27 - -2) + (-6 - ((19 - 1) + -18 + -2))?
-29
Calculate -3363 - -3251 - (-27 + 2).
-87
What is the value of -8 + -10 + -7 + 4 + -6 + 22 - -25?
20
What is -20 + (-23 - -24) + 30 + 13?
24
Calculate 5 - -61 - (-10 - -1 - ((6 - 12) + -7)).
62
Evaluate -131 + (-6 - (-1 + -25 - (-441 - -439))).
-113
Calculate (-51 - (-60 - -27)) + -19 + -3.
-40
What is (-2 - -2) + 57 + (41 - (102 - 67))?
63
What is -26 + (32 - 5) + 0 + 4 + 93 + -12?
86
Evaluate (17 - 8 - (-15 + 3)) + 49 + 7.
77
Calculate 9 - (-8 - (-7 + 13)) - 9 - 5.
9
What is the value of -16 - (-10 + (23 + -46 - -74))?
-57
Calculate 0 + -5 + (-27 - -5) - (233 + -244).
-16
Calculate -28 + (-2 - -4 - (36 - (94 - 49))).
-17
What is the value of -86 - -140 - ((3 - 1 - (-21 - -15)) + -8)?
54
What is -67 + 14 + -3 + 1 - (25 - (-43 + 65))?
-58
Evaluate 13 + 14 - 16 - 10 - -2.
3
Calculate (-8 + 10 - 18) + (84 - 183).
-115
(29 - 49) + 24 + 0 + -3 + 1 + 10
12
127 - (190 + -176 + 23 + -6)
96
35 + (-17 - (33 - 39)) + 33
57
What is -14 - (60 + -6 + 17 + 3 + -4 + 3)?
-87
Evaluate -67 + 127 + -6 + (-1 - 2 - -3).
54
-35 - 2 - (229 - 72 - 85)
-109
What is the value of (0 - (1 + -50 + -2)) + 752 + -746?
57
-5 - (-5 + 4) - (-53 + -1 + 2) - -3
51
Evaluate (11 + 1 - ((70 - 86) + 96)) + 2.
-66
What is the value of (-13 - (6 - 3)) + 1 + -50 + 0?
-65
Evaluate 115 + (74 - 220) + (-1 - (-1 + -5)).
-26
Calculate -12 + (-4 - 5) - (16 + 2 + -16 - -7).
-30
What is the value of 172 - 62 - (1 + 157)?
-48
What is the value of 36 - (-30 - -35 - 6) - (6 - -1)?
30
30 + -16 + 47 - 42
19
What is -72 - ((-4 - -29) + -2 + -22 + 7)?
-80
What is 11 - (33 + -14 + (-88 - (-6 + 3)))?
77
Evaluate 70 - 0 - (20 - (26 + -6) - 6 - -7).
69
37 - (33 - 19) - -12 - 141
-106
What is the value of -28 - (-19 - (15 - 20)) - -2?
-12
Calculate -86 - (97 - (183 - 10)).
-10
Evaluat